{"id":295,"date":"2025-10-16T18:00:45","date_gmt":"2025-10-16T16:00:45","guid":{"rendered":"http:\/\/localhost\/GlorieuxAccessoires\/?post_type=product&#038;p=295"},"modified":"2025-10-16T20:38:33","modified_gmt":"2025-10-16T18:38:33","slug":"white-short-checkered-t-shirt-skirt","status":"publish","type":"product","link":"https:\/\/www.glorieuxaccessoires.com\/?product=white-short-checkered-t-shirt-skirt","title":{"rendered":"Brut D\u00e9odorant Spray pour Homme | Original | Parfum Frais &#038; Authentique | 200 ml"},"content":{"rendered":"<p data-start=\"40\" data-end=\"135\">Le m\u00e9lange aromatique d&#8217;ingr\u00e9dients utilis\u00e9 dans ce parfum exceptionnel vous gardera au sommet.<\/p>\n<p data-start=\"137\" data-end=\"346\"><strong data-start=\"137\" data-end=\"164\">Brut Original D\u00e9odorant<\/strong> vous offre une <strong data-start=\"180\" data-end=\"207\">protection longue dur\u00e9e<\/strong> ainsi que le <strong data-start=\"221\" data-end=\"251\">parfum frais et distinctif<\/strong> de Brut.<br data-start=\"260\" data-end=\"263\" \/>Disponible en <strong data-start=\"277\" data-end=\"293\">5 fragrances<\/strong> : Original, Musk, Ocean, Sports Style et Attraction.<\/p>\n<ul data-start=\"348\" data-end=\"739\" data-is-last-node=\"\" data-is-only-node=\"\">\n<li data-start=\"348\" data-end=\"483\">\n<p data-start=\"350\" data-end=\"483\"><strong data-start=\"350\" data-end=\"381\">Parfum frais et authentique<\/strong> : Le d\u00e9odorant spray Brut Original offre une senteur embl\u00e9matique \u00e0 la fois fra\u00eeche et authentique.<\/p>\n<\/li>\n<li data-start=\"484\" data-end=\"618\">\n<p data-start=\"486\" data-end=\"618\"><strong data-start=\"486\" data-end=\"508\">Effet longue dur\u00e9e<\/strong> : Con\u00e7u pour procurer une fra\u00eecheur durable et vous garantir une agr\u00e9able odeur tout au long de la journ\u00e9e.<\/p>\n<\/li>\n<li data-start=\"619\" data-end=\"739\" data-is-last-node=\"\">\n<p data-start=\"621\" data-end=\"739\" data-is-last-node=\"\"><strong data-start=\"621\" data-end=\"636\">Pack double<\/strong> : Livr\u00e9 en lot pratique de deux a\u00e9rosols de 200 ml, pour toujours avoir une recharge \u00e0 port\u00e9e de main.<\/p>\n<\/li>\n<\/ul>\n","protected":false},"excerpt":{"rendered":"<ul class=\"ul-style check\">\n<li>Brut D\u00e9odorant Spray pour Homme<\/li>\n<li>Couleur : bleu<\/li>\n<li>Quantit\u00e9 : 200 ml<\/li>\n<\/ul>\n","protected":false},"featured_media":1271,"comment_status":"open","ping_status":"closed","template":"","meta":{"_monsterinsights_skip_tracking":false,"_monsterinsights_sitenote_active":false,"_monsterinsights_sitenote_note":"","_monsterinsights_sitenote_category":0},"product_brand":[],"product_cat":[43],"product_tag":[],"class_list":{"0":"post-295","1":"product","2":"type-product","3":"status-publish","4":"has-post-thumbnail","6":"product_cat-deodorants","7":"ts_product_brand-brut","9":"first","10":"instock","11":"featured","12":"taxable","13":"shipping-taxable","14":"purchasable","15":"product-type-simple"},"aioseo_notices":[],"_links":{"self":[{"href":"https:\/\/www.glorieuxaccessoires.com\/index.php?rest_route=\/wp\/v2\/product\/295","targetHints":{"allow":["GET"]}}],"collection":[{"href":"https:\/\/www.glorieuxaccessoires.com\/index.php?rest_route=\/wp\/v2\/product"}],"about":[{"href":"https:\/\/www.glorieuxaccessoires.com\/index.php?rest_route=\/wp\/v2\/types\/product"}],"replies":[{"embeddable":true,"href":"https:\/\/www.glorieuxaccessoires.com\/index.php?rest_route=%2Fwp%2Fv2%2Fcomments&post=295"}],"wp:featuredmedia":[{"embeddable":true,"href":"https:\/\/www.glorieuxaccessoires.com\/index.php?rest_route=\/wp\/v2\/media\/1271"}],"wp:attachment":[{"href":"https:\/\/www.glorieuxaccessoires.com\/index.php?rest_route=%2Fwp%2Fv2%2Fmedia&parent=295"}],"wp:term":[{"taxonomy":"product_brand","embeddable":true,"href":"https:\/\/www.glorieuxaccessoires.com\/index.php?rest_route=%2Fwp%2Fv2%2Fproduct_brand&post=295"},{"taxonomy":"product_cat","embeddable":true,"href":"https:\/\/www.glorieuxaccessoires.com\/index.php?rest_route=%2Fwp%2Fv2%2Fproduct_cat&post=295"},{"taxonomy":"product_tag","embeddable":true,"href":"https:\/\/www.glorieuxaccessoires.com\/index.php?rest_route=%2Fwp%2Fv2%2Fproduct_tag&post=295"}],"curies":[{"name":"wp","href":"https:\/\/api.w.org\/{rel}","templated":true}]}}